{"id":11614,"date":"2020-08-10T18:06:50","date_gmt":"2020-08-10T18:06:50","guid":{"rendered":"https:\/\/www.rentriders.pt\/?page_id=11614"},"modified":"2025-08-28T11:05:11","modified_gmt":"2025-08-28T11:05:11","slug":"aluguer-de-motociclos-900-cc-cat-g","status":"publish","type":"page","link":"https:\/\/www.rentriders.pt\/es\/alquiler-scooters-motos-lisboa\/alquiler-de-motocicletas-900-cc-cat-g\/","title":{"rendered":"Alquiler de Motocicletas 900 CC &#8211; Cat. G"},"content":{"rendered":"<p><\/p>\n<h2 style=\"text-align: center;\"><strong>Alquila aqu\u00ed tu Moto en Lisboa @ RentRiders<sup>\u00ae\u00a0<\/sup><\/strong><\/h2>\n<p style=\"text-align: center;\">Reserva ahora y obt\u00e9n un 15%* de descuento sobre las tarifas de la agencia en todas las categorias de alquileres de motos. \u00a1Todo incluido*!<\/p>\n<p style=\"text-align: center;\"><span style=\"color: #339966;\"><strong>\u21d2 <span style=\"text-decoration: underline;\">Los precios y descuentos mostrados son exclusivamente para reservas realizadas online.<\/span> \u21d0<\/strong><\/span><\/p>\n<p style=\"text-align: center;\">Pague 20% del monto total de lo alquiler y el resto en el Check-in. \u00a1 Rent-a-Ride en Lisboa @ RentRiders<sup>\u00ae<\/sup> \ud83d\ude42<\/p>\n<p style=\"text-align: center;\"><div class=\"woocommerce columns-4 \"><ul class=\"products columns-4\">\n<li class=\"czr-hentry product type-product post-11621 status-publish first instock product_cat-aluguer-de-motos-900cc-cat-g has-post-thumbnail taxable shipping-taxable purchasable product-type-simple\">\n\t<a href=\"https:\/\/www.rentriders.pt\/es\/produto\/yamaha-tracer-900-gt\/\" class=\"woocommerce-LoopProduct-link woocommerce-loop-product__link\"><img loading=\"lazy\" decoding=\"async\" width=\"300\" height=\"300\" src=\"https:&#x2f;&#x2f;&#x77;&#x77;&#x77;&#x2e;&#x72;&#101;&#110;&#116;&#114;&#105;ders&#x2e;&#x70;&#x74;&#x2f;&#x77;&#x70;&#x2d;&#x63;&#111;&#110;&#116;&#101;&#110;t\/up&#x6c;&#x6f;&#x61;&#x64;&#x73;&#x2f;&#x32;&#48;&#50;&#48;&#47;&#48;8\/Ya&#x6d;&#x61;&#x68;&#x61;&#x2d;&#x54;&#x52;&#x41;&#67;&#69;&#82;&#45;&#57;00GT&#x2d;&#x40;&#x2d;&#x52;&#x65;&#x6e;&#x74;&#x52;&#105;&#100;&#101;&#114;&#115;&#46;Pt_-300x300.avif\" class=\"attachment-woocommerce_thumbnail size-woocommerce_thumbnail\" alt=\"Alquiler de Motos Yamaha Tracer 900 GT en Lisboa\" srcset=\"https:&#x2f;&#x2f;&#119;w&#x77;&#x2e;&#114;&#101;n&#x74;&#x72;&#105;&#100;e&#x72;&#x73;&#46;pt&#x2f;&#x77;&#112;-&#x63;&#x6f;&#110;&#116;e&#x6e;&#x74;&#47;&#117;p&#x6c;&#x6f;&#97;ds&#x2f;&#x32;&#48;2&#x30;&#x2f;&#48;&#56;\/&#x59;&#x61;&#109;&#97;h&#x61;&#x2d;&#84;RA&#x43;&#x45;&#82;-&#x39;&#x30;&#x30;&#71;T&#x2d;&#x40;&#45;&#82;e&#x6e;&#x74;&#82;&#105;d&#x65;&#x72;&#115;&#46;&#x50;&#x74;_-300x300.avif 300w, https:&#47;&#x2f;&#119;&#x77;w&#x2e;r&#101;&#x6e;&#116;&#x72;i&#x64;e&#114;&#x73;&#46;&#x70;t&#x2f;w&#112;&#x2d;&#99;&#x6f;n&#x74;e&#110;&#x74;&#47;&#x75;p&#x6c;o&#97;&#x64;&#115;&#x2f;2&#x30;2&#48;&#x2f;&#48;&#x38;\/&#x59;a&#109;&#x61;&#104;&#x61;-&#x54;R&#65;&#x43;&#69;&#x52;-&#x39;0&#48;&#x47;&#84;&#x2d;&#64;&#x2d;R&#101;&#x6e;&#116;&#x52;&#105;&#x64;e&#114;&#x73;&#46;&#x50;&#116;_-100x100.avif 100w, https:\/&#47;&#119;&#x77;&#x77;&#46;&#114;&#101;&#x6e;&#x74;&#x72;i&#100;&#101;&#x72;&#x73;&#46;p&#116;&#x2f;&#x77;&#x70;-&#99;&#111;&#x6e;&#x74;en&#116;&#x2f;&#x75;&#x70;l&#111;&#97;&#x64;&#x73;\/2&#48;&#x32;&#x30;&#x2f;0&#56;&#47;&#x59;&#x61;&#x6d;a&#104;&#97;&#x2d;&#x54;R&#65;&#67;&#x45;&#x52;&#x2d;9&#48;&#48;&#x47;&#x54;-&#64;&#45;&#x52;&#x65;&#x6e;t&#82;&#105;&#x64;&#x65;rs&#46;&#x50;&#x74;_-150x150.avif 150w, https:\/&#47;&#119;&#x77;&#x77;&#x2e;&#x72;e&#110;&#116;&#114;&#x69;&#x64;&#x65;rs&#46;&#112;&#x74;&#x2f;&#x77;p-&#99;&#111;&#x6e;&#x74;&#x65;nt&#47;&#117;&#x70;&#x6c;&#x6f;ad&#115;&#47;&#x32;&#x30;&#x32;0\/&#48;&#56;&#x2f;&#x59;&#x61;&#x6d;a&#104;&#97;&#x2d;&#x54;&#x52;&#x41;C&#69;&#82;&#45;&#x39;&#x30;&#x30;GT&#45;&#64;&#x2d;&#x52;&#x65;nt&#82;&#105;&#x64;&#x65;&#x72;s&#46;&#80;&#116;_-510x510.avif 510w\" sizes=\"auto, (max-width: 300px) 100vw, 300px\" \/><h2 class=\"woocommerce-loop-product__title\">YAMAHA &#8211; TRACER 900 GT<\/h2>\n\t<span class=\"price\">Max. <span class=\"woocommerce-Price-amount amount\"><bdi>124,50&nbsp;<span class=\"woocommerce-Price-currencySymbol\">&euro;<\/span><\/bdi><\/span> por 1 d\u00eda<\/span>\n<\/a><a href=\"https:\/\/www.rentriders.pt\/es\/produto\/yamaha-tracer-900-gt\/\" rel=\"nofollow\" class=\"button\">Rent &amp; Ride<\/a>\t<span id=\"woocommerce_loop_add_to_cart_link_describedby_11621\" class=\"screen-reader-text\">\n\t\t\t<\/span>\n<\/li>\n<\/ul>\n<\/div><\/p>\n<p style=\"text-align: center;\"><strong><span style=\"text-decoration: underline;\">Experiencia en la conducci\u00f3n de ciclomotores o motocicletas se requiere para su seguridad y para la seguridad de terceros.<\/span><\/strong><\/p>\n<p style=\"text-align: justify;\"><em>* <span style=\"text-decoration: underline;\">Descuento exclusivo para reservas online realizadas aqu\u00ed.<\/span> El descuento del 15% est\u00e1 incluido, ya est\u00e1 descontado, en el precio final mostrado. Los precios mostrados en el mostrador de la agencia pueden tener diferencias superiores al 15% respecto a los precios online. Podr\u00e1s consultar qu\u00e9 est\u00e1 incluido en el precio indicado en cada una de las categor\u00edas.<\/em><\/p>\n<hr \/>\n<h4 style=\"text-align: center;\">\u00a1 Alquila<strong> una a Moto m\u00e1s potente en Rent Riders y descubre Portugal con RentRiders<sup>\u00ae<\/sup> !<\/strong><\/h4>\n<p style=\"text-align: justify;\">RentRiders<sup>\u00ae<\/sup> es su empresa de alquiler de motos en Lisboa. Con nuestro servicio de alquiler de motos conseguir\u00e1s una experiencia inolvidable. \u00a1 Es f\u00e1cil encontrar hermosas playas cerca de Lisboa donde refrescarse en nuestras aguas atl\u00e1nticas !<\/p>\n<p style=\"text-align: justify;\">Para m\u00e1s aventuras en Lisboa y alrededores alquile una moto con m\u00e1s ciclindrada! Al elegir alquilar una moto en este segmento valora la potencia, el confort y el rendimiento.<\/p>\n<p style=\"text-align: justify;\">Alquilar una moto, en RentRiders<sup>\u00ae<\/sup> en Lisboa es la mejor forma de visitar y conocer Portugal, especialmente Lisboa y sus magn\u00edficos alrededores. Ir a Sintra, Cascais, Costa de Caparica o cualquier otro lugar que desee visitar, o descubrir, a los comandos de una de nuestras motos de alquiler le proporcionar\u00e1 ciertamente algo inolvidable.<\/p>\n<p style=\"text-align: justify;\">\u00a1Solo o acompa\u00f1ado, la elecci\u00f3n es tuya! S\u00f3lo tienes que ir a RentRiders.Pt, alquilar una motocicleta y seguir el viaje!<\/p>\n<p style=\"text-align: justify;\">Alquila una scooter o una motocicleta de categor\u00eda G, con motor de 900CC, y podr\u00e1s experimentar paseos y visitas m\u00e1s amplias, permitiendo as\u00ed explorar a\u00fan m\u00e1s Lisboa, pero tambi\u00e9n Cascais, Sintra, Costa de Caparica, Sesimbra y muchas otras localidades ba\u00f1adas por el oc\u00e9ano Atl\u00e1ntico con mayor comodidad.<\/p>\n<p style=\"text-align: justify;\">En Rent Riders &#8211; Alquiler de Scooters y Motos en Lisboa &#8211; alquilar una motocicleta es f\u00e1cil. De aqu\u00ed a la aventura del descubrimiento de la capital y sus alrededores. Lisboa tiene la m\u00e1s bella \u00abluz\u00bb natural del mundo. \u00a1A los comandos de una de nuestras motos podr\u00e1 apreciar este regalo de la naturaleza que s\u00f3lo tiene Lisboa!<\/p>\n<p style=\"text-align: justify;\">\u00a1\u00bbLis es buena\u00bb alquilando y conduciendo una de nuestras motos!<\/p>\n<h5 style=\"text-align: center;\">\u00a1Alquile una moto en Lisboa @ RentRiders<sup>\u00ae<\/sup> y descubre la gastronom\u00eda portuguesa!<\/h5>\n<p style=\"text-align: justify;\">Si le gusta el pescado dar una vuelta a Sesimbra y disfrutar de un buen almuerzo con lo que mejor se pesca en el oc\u00e9ano Atl\u00e1ntico. Todo sin molestarse con tr\u00e1nsito y siempre con aparcamiento disponible.<\/p>\n<p style=\"text-align: justify;\">Alquile una Yamaha Tracer 900GT e incluya en su visita a Boca do Inferno, cerca de Cascais, y disfrute all\u00ed para degustar unas buenas \u00abalmejas a Bul\u00e3o Pato\u00bb, teniendo como tel\u00f3n de fondo la bravura y la belleza de esta costa portuguesa ba\u00f1ada por oceano Atlantico.<\/p>\n<p style=\"text-align: justify;\">Al alquilar una Yamaha Tracer 900GT o cualquier otro modelo que hayamos disponible en este segmento, consigue recorrer mayores distancias con m\u00e1s comodidad y comodidad.<\/p>\n<h6 style=\"text-align: center;\">Alquile una motocicleta Yamaha Tracer 900GT con RentRiders<sup>\u00ae <\/sup>conozca Lisboa y Portugal. \u00a1Sea un Rider con esta Moto de Touring!<\/h6>\n<p><\/p>","protected":false},"excerpt":{"rendered":"<p>\u00a1Alquile una Moto Yamaha Tracer 900GT en Lisboa @ Rent Riders y descubra Lisboa y Portugal f\u00e1cilmente!<\/p>\n","protected":false},"author":1,"featured_media":14668,"parent":77,"menu_order":65,"comment_status":"closed","ping_status":"closed","template":"","meta":{"iawp_total_views":346,"footnotes":""},"class_list":["post-11614","page","type-page","status-publish","has-post-thumbnail","czr-hentry"],"_links":{"self":[{"href":"https:\/\/www.rentriders.pt\/es\/wp-json\/wp\/v2\/pages\/11614","targetHints":{"allow":["GET"]}}],"collection":[{"href":"https:\/\/www.rentriders.pt\/es\/wp-json\/wp\/v2\/pages"}],"about":[{"href":"https:\/\/www.rentriders.pt\/es\/wp-json\/wp\/v2\/types\/page"}],"author":[{"embeddable":true,"href":"https:\/\/www.rentriders.pt\/es\/wp-json\/wp\/v2\/users\/1"}],"replies":[{"embeddable":true,"href":"https:\/\/www.rentriders.pt\/es\/wp-json\/wp\/v2\/comments?post=11614"}],"version-history":[{"count":10,"href":"https:\/\/www.rentriders.pt\/es\/wp-json\/wp\/v2\/pages\/11614\/revisions"}],"predecessor-version":[{"id":16873,"href":"https:\/\/www.rentriders.pt\/es\/wp-json\/wp\/v2\/pages\/11614\/revisions\/16873"}],"up":[{"embeddable":true,"href":"https:\/\/www.rentriders.pt\/es\/wp-json\/wp\/v2\/pages\/77"}],"wp:featuredmedia":[{"embeddable":true,"href":"https:\/\/www.rentriders.pt\/es\/wp-json\/wp\/v2\/media\/14668"}],"wp:attachment":[{"href":"https:\/\/www.rentriders.pt\/es\/wp-json\/wp\/v2\/media?parent=11614"}],"curies":[{"name":"wp","href":"https:\/\/api.w.org\/{rel}","templated":true}]}}

<p></p>
<h2 style="text-align: center;"><strong>Alquila aquí tu Moto en Lisboa @ RentRiders<sup>® </sup></strong></h2>
<p style="text-align: center;">Reserva ahora y obtén un 15%* de descuento sobre las tarifas de la agencia en todas las categorias de alquileres de motos. ¡Todo incluido*!</p>
<p style="text-align: center;"><span style="color: #339966;"><strong>⇒ <span style="text-decoration: underline;">Los precios y descuentos mostrados son exclusivamente para reservas realizadas online.</span> ⇐</strong></span></p>
<p style="text-align: center;">Pague 20% del monto total de lo alquiler y el resto en el Check-in. ¡ Rent-a-Ride en Lisboa @ RentRiders<sup>®</sup> 🙂</p>
<p style="text-align: center;"><div class="woocommerce columns-4 "><ul class="products columns-4">
<li class="czr-hentry product type-product post-11621 status-publish first instock product_cat-aluguer-de-motos-900cc-cat-g has-post-thumbnail taxable shipping-taxable purchasable product-type-simple">
	<a href="https://www.rentriders.pt/es/produto/yamaha-tracer-900-gt/" class="woocommerce-LoopProduct-link woocommerce-loop-product__link"><img loading="lazy" decoding="async" width="300" height="300" src="https:&#x2f;&#x2f;&#x77;&#x77;&#x77;&#x2e;&#x72;&#101;&#110;&#116;&#114;&#105;ders&#x2e;&#x70;&#x74;&#x2f;&#x77;&#x70;&#x2d;&#x63;&#111;&#110;&#116;&#101;&#110;t/up&#x6c;&#x6f;&#x61;&#x64;&#x73;&#x2f;&#x32;&#48;&#50;&#48;&#47;&#48;8/Ya&#x6d;&#x61;&#x68;&#x61;&#x2d;&#x54;&#x52;&#x41;&#67;&#69;&#82;&#45;&#57;00GT&#x2d;&#x40;&#x2d;&#x52;&#x65;&#x6e;&#x74;&#x52;&#105;&#100;&#101;&#114;&#115;&#46;Pt_-300x300.avif" class="attachment-woocommerce_thumbnail size-woocommerce_thumbnail" alt="Alquiler de Motos Yamaha Tracer 900 GT en Lisboa" srcset="https:&#x2f;&#x2f;&#119;w&#x77;&#x2e;&#114;&#101;n&#x74;&#x72;&#105;&#100;e&#x72;&#x73;&#46;pt&#x2f;&#x77;&#112;-&#x63;&#x6f;&#110;&#116;e&#x6e;&#x74;&#47;&#117;p&#x6c;&#x6f;&#97;ds&#x2f;&#x32;&#48;2&#x30;&#x2f;&#48;&#56;/&#x59;&#x61;&#109;&#97;h&#x61;&#x2d;&#84;RA&#x43;&#x45;&#82;-&#x39;&#x30;&#x30;&#71;T&#x2d;&#x40;&#45;&#82;e&#x6e;&#x74;&#82;&#105;d&#x65;&#x72;&#115;&#46;&#x50;&#x74;_-300x300.avif 300w, https:&#47;&#x2f;&#119;&#x77;w&#x2e;r&#101;&#x6e;&#116;&#x72;i&#x64;e&#114;&#x73;&#46;&#x70;t&#x2f;w&#112;&#x2d;&#99;&#x6f;n&#x74;e&#110;&#x74;&#47;&#x75;p&#x6c;o&#97;&#x64;&#115;&#x2f;2&#x30;2&#48;&#x2f;&#48;&#x38;/&#x59;a&#109;&#x61;&#104;&#x61;-&#x54;R&#65;&#x43;&#69;&#x52;-&#x39;0&#48;&#x47;&#84;&#x2d;&#64;&#x2d;R&#101;&#x6e;&#116;&#x52;&#105;&#x64;e&#114;&#x73;&#46;&#x50;&#116;_-100x100.avif 100w, https:/&#47;&#119;&#x77;&#x77;&#46;&#114;&#101;&#x6e;&#x74;&#x72;i&#100;&#101;&#x72;&#x73;&#46;p&#116;&#x2f;&#x77;&#x70;-&#99;&#111;&#x6e;&#x74;en&#116;&#x2f;&#x75;&#x70;l&#111;&#97;&#x64;&#x73;/2&#48;&#x32;&#x30;&#x2f;0&#56;&#47;&#x59;&#x61;&#x6d;a&#104;&#97;&#x2d;&#x54;R&#65;&#67;&#x45;&#x52;&#x2d;9&#48;&#48;&#x47;&#x54;-&#64;&#45;&#x52;&#x65;&#x6e;t&#82;&#105;&#x64;&#x65;rs&#46;&#x50;&#x74;_-150x150.avif 150w, https:/&#47;&#119;&#x77;&#x77;&#x2e;&#x72;e&#110;&#116;&#114;&#x69;&#x64;&#x65;rs&#46;&#112;&#x74;&#x2f;&#x77;p-&#99;&#111;&#x6e;&#x74;&#x65;nt&#47;&#117;&#x70;&#x6c;&#x6f;ad&#115;&#47;&#x32;&#x30;&#x32;0/&#48;&#56;&#x2f;&#x59;&#x61;&#x6d;a&#104;&#97;&#x2d;&#x54;&#x52;&#x41;C&#69;&#82;&#45;&#x39;&#x30;&#x30;GT&#45;&#64;&#x2d;&#x52;&#x65;nt&#82;&#105;&#x64;&#x65;&#x72;s&#46;&#80;&#116;_-510x510.avif 510w" sizes="auto, (max-width: 300px) 100vw, 300px" /><h2 class="woocommerce-loop-product__title">YAMAHA &#8211; TRACER 900 GT</h2>
	<span class="price">Max. <span class="woocommerce-Price-amount amount"><bdi>124,50&nbsp;<span class="woocommerce-Price-currencySymbol">&euro;</span></bdi></span> por 1 día</span>
</a><a href="https://www.rentriders.pt/es/produto/yamaha-tracer-900-gt/" rel="nofollow" class="button">Rent &amp; Ride</a>	<span id="woocommerce_loop_add_to_cart_link_describedby_11621" class="screen-reader-text">
			</span>
</li>
</ul>
</div></p>
<p style="text-align: center;"><strong><span style="text-decoration: underline;">Experiencia en la conducción de ciclomotores o motocicletas se requiere para su seguridad y para la seguridad de terceros.</span></strong></p>
<p style="text-align: justify;"><em>* <span style="text-decoration: underline;">Descuento exclusivo para reservas online realizadas aquí.</span> El descuento del 15% está incluido, ya está descontado, en el precio final mostrado. Los precios mostrados en el mostrador de la agencia pueden tener diferencias superiores al 15% respecto a los precios online. Podrás consultar qué está incluido en el precio indicado en cada una de las categorías.</em></p>
<hr />
<h4 style="text-align: center;">¡ Alquila<strong> una a Moto más potente en Rent Riders y descubre Portugal con RentRiders<sup>®</sup> !</strong></h4>
<p style="text-align: justify;">RentRiders<sup>®</sup> es su empresa de alquiler de motos en Lisboa. Con nuestro servicio de alquiler de motos conseguirás una experiencia inolvidable. ¡ Es fácil encontrar hermosas playas cerca de Lisboa donde refrescarse en nuestras aguas atlánticas !</p>
<p style="text-align: justify;">Para más aventuras en Lisboa y alrededores alquile una moto con más ciclindrada! Al elegir alquilar una moto en este segmento valora la potencia, el confort y el rendimiento.</p>
<p style="text-align: justify;">Alquilar una moto, en RentRiders<sup>®</sup> en Lisboa es la mejor forma de visitar y conocer Portugal, especialmente Lisboa y sus magníficos alrededores. Ir a Sintra, Cascais, Costa de Caparica o cualquier otro lugar que desee visitar, o descubrir, a los comandos de una de nuestras motos de alquiler le proporcionará ciertamente algo inolvidable.</p>
<p style="text-align: justify;">¡Solo o acompañado, la elección es tuya! Sólo tienes que ir a RentRiders.Pt, alquilar una motocicleta y seguir el viaje!</p>
<p style="text-align: justify;">Alquila una scooter o una motocicleta de categoría G, con motor de 900CC, y podrás experimentar paseos y visitas más amplias, permitiendo así explorar aún más Lisboa, pero también Cascais, Sintra, Costa de Caparica, Sesimbra y muchas otras localidades bañadas por el océano Atlántico con mayor comodidad.</p>
<p style="text-align: justify;">En Rent Riders &#8211; Alquiler de Scooters y Motos en Lisboa &#8211; alquilar una motocicleta es fácil. De aquí a la aventura del descubrimiento de la capital y sus alrededores. Lisboa tiene la más bella «luz» natural del mundo. ¡A los comandos de una de nuestras motos podrá apreciar este regalo de la naturaleza que sólo tiene Lisboa!</p>
<p style="text-align: justify;">¡»Lis es buena» alquilando y conduciendo una de nuestras motos!</p>
<h5 style="text-align: center;">¡Alquile una moto en Lisboa @ RentRiders<sup>®</sup> y descubre la gastronomía portuguesa!</h5>
<p style="text-align: justify;">Si le gusta el pescado dar una vuelta a Sesimbra y disfrutar de un buen almuerzo con lo que mejor se pesca en el océano Atlántico. Todo sin molestarse con tránsito y siempre con aparcamiento disponible.</p>
<p style="text-align: justify;">Alquile una Yamaha Tracer 900GT e incluya en su visita a Boca do Inferno, cerca de Cascais, y disfrute allí para degustar unas buenas «almejas a Bulão Pato», teniendo como telón de fondo la bravura y la belleza de esta costa portuguesa bañada por oceano Atlantico.</p>
<p style="text-align: justify;">Al alquilar una Yamaha Tracer 900GT o cualquier otro modelo que hayamos disponible en este segmento, consigue recorrer mayores distancias con más comodidad y comodidad.</p>
<h6 style="text-align: center;">Alquile una motocicleta Yamaha Tracer 900GT con RentRiders<sup>® </sup>conozca Lisboa y Portugal. ¡Sea un Rider con esta Moto de Touring!</h6>
<p></p>

<p>¡Alquile una Moto Yamaha Tracer 900GT en Lisboa @ Rent Riders y descubra Lisboa y Portugal fácilmente!</p>
